ghest common factor of 36 and 999828?
36
Calculate the greatest common divisor of 27789 and 2183.
59
What is the greatest common divisor of 108 and 97488?
36
Calculate the highest common divisor of 15052 and 7668.
284
What is the highest common factor of 4181 and 15577?
37
What is the highest common factor of 1009 and 346087?
1009
Calculate the greatest common divisor of 43 and 305429.
43
Calculate the greatest common divisor of 459 and 5780799.
153
What is the highest common divisor of 597603 and 174?
87
What is the highest common divisor of 572 and 4851418?
286
Calculate the highest common divisor of 14235 and 584.
73
Calculate the greatest common divisor of 92112 and 2292.
12
Calculate the greatest common divisor of 1682857 and 59.
59
Calculate the greatest common divisor of 257982 and 456.
114
What is the highest common factor of 574 and 596386?
574
What is the greatest common divisor of 1472 and 19274?
46
Calculate the greatest common divisor of 185 and 73445.
185
Calculate the highest common factor of 1670 and 1960079.
167
Calculate the greatest common factor of 270 and 2680.
10
Calculate the highest common factor of 1851 and 33.
3
What is the highest common factor of 46988 and 17?
17
What is the greatest common divisor of 125792 and 256?
32
What is the greatest common divisor of 525 and 13475?
175
Calculate the highest common factor of 1525 and 169397.
61
What is the highest common divisor of 744 and 18156?
12
Calculate the highest common factor of 45342 and 6336.
198
Calculate the highest common factor of 24062 and 689.
53
Calculate the greatest common divisor of 2401 and 42287.
49
Calculate the greatest common divisor of 3 and 1081002.
3
Calculate the greatest common factor of 2616 and 312.
24
What is the greatest common factor of 197780 and 780?
20
Calculate the highest common divisor of 1080450 and 525.
525
What is the highest common factor of 8551 and 425?
17
What is the greatest common divisor of 160275 and 150?
75
What is the highest common divisor of 100509 and 69?
3
Calculate the highest common factor of 60 and 38910.
30
Calculate the highest common divisor of 130306 and 110.
22
What is the highest common divisor of 350 and 114850?
50
What is the greatest common divisor of 1339425 and 300?
75
Calculate the highest common divisor of 778173 and 99.
33
What is the highest common divisor of 13374 and 1548?
18
Calculate the highest common factor of 219270 and 40.
10
What is the greatest common factor of 1248 and 1439880?
312
Calculate the greatest common divisor of 126386 and 598.
26
Calculate the highest common divisor of 3443650 and 350.
350
What is the greatest common factor of 210645 and 620?
155
What is the highest common divisor of 375708 and 11397?
393
Calculate the greatest common factor of 108547 and 985.
197
What is the greatest common divisor of 58491 and 105525?
603
Calculate the highest common divisor of 128493 and 81.
27
What is the highest common divisor of 68079 and 33?
33
Calculate the highest common factor of 520 and 1600.
40
Calculate the greatest common factor of 36577 and 2.
1
Calculate the greatest common factor of 17127 and 18.
9
Calculate the highest common factor of 1215 and 1561761.
243
Calculate the highest common factor of 264 and 232122.
66
What is the highest common divisor of 65 and 126100?
65
What is the greatest common divisor of 35728 and 157696?
1232
Calculate the greatest common divisor of 18 and 97824.
6
What is the highest common divisor of 156 and 184860?
156
What is the highest common factor of 462 and 5127584?
154
Calculate the greatest common factor of 599940 and 336.
12
What is the highest common factor of 60224 and 448?
64
Calculate the greatest common factor of 5277 and 6.
3
What is the greatest common divisor of 4048 and 1944?
8
What is the greatest common divisor of 166511 and 1238?
619
Calculate the highest common divisor of 33976 and 16616.
248
Calculate the greatest common factor of 17500 and 13.
1
What is the highest common divisor of 716 and 19511?
179
What is the greatest common divisor of 48061 and 169?
13
What is the greatest common factor of 154 and 14498?
22
What is the highest common factor of 98 and 191198?
98
Calculate the greatest common divisor of 6384 and 1729.
133
What is the greatest common divisor of 557497 and 23?
23
Calculate the highest common factor of 97 and 1378273.
97
Calculate the highest common divisor of 45 and 45295.
5
What is the greatest common factor of 1371 and 1785499?
457
Calculate the highest common divisor of 236430 and 17982.
666
What is the greatest common divisor of 1050 and 828?
6
What is the highest common divisor of 3162 and 114762?
186
What is the greatest common divisor of 4749 and 32?
1
What is the greatest common divisor of 11 and 72037?
1
Calculate the highest common divisor of 10 and 659940.
10
Calculate the highest common factor of 252 and 2869188.
84
What is the highest common factor of 96036 and 1060?
212
What is the highest common factor of 118080 and 1107?
369
Calculate the highest common divisor of 187 and 415943.
11
What is the highest common divisor of 1034 and 30033?
47
Calculate the greatest common divisor of 3277666 and 103.
103
What is the greatest common factor of 409 and 14098639?
409
What is the highest common factor of 21624 and 19176?
408
Calculate the greatest common divisor of 5868 and 2349.
9
What is the highest common factor of 1096 and 11782?
274
What is the greatest common factor of 675 and 195561?
27
What is the highest common factor of 9705 and 20704?
647
What is the highest common divisor of 1014372 and 108?
36
Calculate the greatest common factor of 147 and 2631.
3
Calculate the highest common divisor of 48125 and 847.
77
Calculate the highest common divisor of 107640 and 17664.
552
What is the highest common factor of 1308 and 3462?
6
Calculate the greatest common divisor of 10185 and 53350.
485
What is the highest common factor of 36316 and 28?
28
What is the greatest common divisor of 101881 and 442?
221
Calculate the highest common factor of 5311 and 2162.
47
Calculate the highest common factor of 122 and 138653.
61
Calculate the highest common divisor of 1160 and 20445.
145
Calculate the highest common factor of 32 and 844768.
32
Calculate the highest common factor of 1445 and 20655.
85
Calculate the greatest common factor of 36 and 57537.
9
Calculate the highest common divisor of 842632 and 1288.
56
Calculate the highest common factor of 1640297 and 53.
53
Calculate the highest common divisor of 31459 and 1467.
163
What is the highest common factor of 965574 and 54?
54
Calculate the highest common factor of 82 and 10968.
2
What is the highest common divisor of 465 and 187860?
465
Calculate the highest common divisor of 129335 and 145.
5
Calculate the greatest common divisor of 3114 and 315206.
346
What is the highest common factor of 6060 and 1020?
60
What is the highest common factor of 104 and 363532?
52
Calculate the greatest common factor of 14003 and 27269.
737
What is the highest common divisor of 560 and 2200?
40
Calculate the greatest common factor of 2032 and 149098.
254
What is the highest common factor of 696 and 23064?
24
Calculate the greatest common divisor of 1401 and 75187.
467
What is the greatest common factor of 18252 and 8046?
54
What is the greatest common factor of 24024 and 10920?
2184
What is the greatest common divisor of 632 and 696701?
79
Calculate the highest common divisor of 3230 and 2822.
34
Calculate the highest common divisor of 2172 and 46.
2
What is the greatest common divisor of 4523750 and 5000?
1250
What is the highest common factor of 4 and 21498?
2
Calculate the highest common divisor of 88320 and 11500.
460
Calculate the greatest common divisor of 157297 and 161.
161
What is the greatest common factor of 6192 and 15?
3
Calculate the greatest common factor of 24 and 439672.
8
What is the highest common factor of 17253 and 1065?
213
What is the highest common divisor of 73146 and 4818?
438
Calculate the highest common factor of 5430 and 1080.
30
Calculate the highest common divisor of 120 and 6584.
8
What is the greatest common divisor of 3404 and 13248?
92
Calculate the greatest common factor of 241870 and 1340.
670
What is the greatest common divisor of 223113